{"id":355,"date":"2024-04-25T09:56:33","date_gmt":"2024-04-25T07:56:33","guid":{"rendered":"https:\/\/neurotecheu.umh.es\/?page_id=355"},"modified":"2026-02-09T09:29:04","modified_gmt":"2026-02-09T08:29:04","slug":"presentacion","status":"publish","type":"page","link":"https:\/\/neurotecheu.umh.es\/ca\/presentacion\/","title":{"rendered":"Presentaci\u00f3"},"content":{"rendered":"<p><\/p>\n<p style=\"text-align: justify\"><span style=\"font-weight: 400\">Benvinguts a <span style=\"font-weight: 400;color: #0000ff\">NeurotechEU<span style=\"color: #000000\"> a<\/span><\/span><\/span><span style=\"font-weight: 400\"><span style=\"color: #000000\">&nbsp;<\/span>la UMH!<\/span><\/p>\n<p>La Universitat Europea del Cervell i la Tecnologia \u2013 <a href=\"https:\/\/theneurotech.eu\" target=\"_blank\" rel=\"noopener\"><span style=\"font-weight: 400\">NeurotechEU<\/span><\/a> \u2013 \u00e9s una alian\u00e7a de nou <b><a href=\"https:\/\/theneurotech.eu\/universities\/\" target=\"_blank\" rel=\"noopener\">universitats europees<\/a><\/b>que t\u00e9 com a objectiu crear un campus transnacional d&#8217;excel\u00b7l\u00e8ncia. L&#8217;objectiu de NeurotechEU \u00e9s formar la pr\u00f2xima generaci\u00f3 de cient\u00edfics i cient\u00edfiques en l&#8217;\u00e0rea de la neurotecnologia.<\/p>\n<p>NeurotechEU busca ser un espai flexible d&#8217;educaci\u00f3 superior compartit entre universitats en el qual es vincule l&#8217;educaci\u00f3 a la investigaci\u00f3, la innovaci\u00f3 i la societat. Amb aquest objectiu, l&#8217;Alian\u00e7a proporciona als seus estudiants acc\u00e9s directe a <b>tecnologies i infraestructures d&#8217;avantguarda<\/b> per a la investigaci\u00f3 fonamental i translacional sobre el cervell en la salut i la malaltia, contribuint aix\u00ed a augmentar la competitivitat de l&#8217;educaci\u00f3, la investigaci\u00f3, l&#8217;economia i la societat europees.<\/p>\n<p>&nbsp;<\/p>\n<h1>Universitats aliades<\/h1>\n<p>NeurotechEU est\u00e0 formada per nou universitats europees, cadascuna aportant la seua experi\u00e8ncia i fortaleses distintives per enriquir l&#8217;alian\u00e7a:<\/p>\n<ul>\n<li>Radboud University, the Netherlands<\/li>\n<li>Universidad Miguel Hern\u00e1ndez de Elche, Spain<\/li>\n<li>Karolinska Institutet, Sweden<\/li>\n<li>Rheinische Friedrich-Wilhelms-Universit\u00e4t Bonn, Germany<\/li>\n<li>Bo\u011fazi\u00e7i \u00dcniversitesi, Turkey<\/li>\n<li>Universitatea de Medicin\u0103 \u0219i Farmacie din Cluj-Napoca, Romania<\/li>\n<li>Universit\u00e9 de Lille, France<\/li>\n<li>H\u00e1sk\u00f3linn \u00ed Reykjav\u00edk, Iceland<\/li>\n<li>The Medical University of Innsbruck, Austria<\/li>\n<\/ul>\n<h1>Les Universitats Europees, un pilar clau a l&#8217;\u00c0rea d&#8217;Educaci\u00f3 Europea<\/h1>\n<p>In 2017, European Union leaders outlined a vision for education and culture. In late 2017, the European Council called on EU Member States, the Council, and the Commission to take forward a number of initiatives, including \u2018European Universities Area\u2019.<\/p>\n<p>The European Universities Initiative facilitates the exchange of education, research, and employment. This means that students can take lessons at all the institutions involved, not constrained by institutional capabilities and borders. They can thus gain international experience and benefit from the specific expertise of the various universities. For scientists, it will lead to the improvement of the education they provide and to smoother cooperation in research.<\/p>\n<p>In this way, the initiative trains new researchers and engineers at the highest possible level, with a background and network in several institutes. This improves Europe\u2019s position in brain research and engineering and provides well-educated people to tackle future societal problems.<\/p>\n<p>The European University of Brain and Technology -NeurotechEU, is one of the 64 European Universities Alliances cofunded by the European Union.&nbsp;<\/p>\n<p>&nbsp;<\/p>\n<p>Este projecte compta amb la finan\u00e7ament del Ministeri de Ci\u00e8ncia, Innovaci\u00f3 i Universitats i la Uni\u00f3 Europea:<\/p>\n<p><img loading=\"lazy\" class=\" wp-image-1057 alignleft\" src=\"https:\/\/neurotecheu.umh.es\/files\/2025\/03\/Logotipo_del_Ministerio_de_Ciencia_Innovacion_y_Universidades--1024x258.png\" alt=\"\" width=\"317\" height=\"80\" srcset=\"https:\/\/neurotecheu.umh.es\/files\/2025\/03\/Logotipo_del_Ministerio_de_Ciencia_Innovacion_y_Universidades--1024x258.png 1024w, https:\/\/neurotecheu.umh.es\/files\/2025\/03\/Logotipo_del_Ministerio_de_Ciencia_Innovacion_y_Universidades--300x76.png 300w, https:\/\/neurotecheu.umh.es\/files\/2025\/03\/Logotipo_del_Ministerio_de_Ciencia_Innovacion_y_Universidades--768x194.png 768w, https:\/\/neurotecheu.umh.es\/files\/2025\/03\/Logotipo_del_Ministerio_de_Ciencia_Innovacion_y_Universidades--1536x387.png 1536w, https:\/\/neurotecheu.umh.es\/files\/2025\/03\/Logotipo_del_Ministerio_de_Ciencia_Innovacion_y_Universidades-.png 1885w\" sizes=\"(max-width: 317px) 100vw, 317px\" \/><\/p>\n<h6><span style=\"color: #808080\">El projecte La Universitat Europea del Cervell i la Tecnologia, NeurotechEU, compta amb finan\u00e7ament concedit pel Ministeri. El contingut d&#8217;este lloc web \u00e9s responsabilitat exclusiva de la universitat benefici\u00e0ria, la Universitat Miguel Hern\u00e1ndez d&#8217;Elx. El Ministeri de Ci\u00e8ncia, Innovaci\u00f3 i Universitats no \u00e9s responsable de l&#8217;\u00fas que puga fer-se de la informaci\u00f3 ac\u00ed difosa.<\/span><\/h6>\n<p>&nbsp;<\/p>\n<p>&nbsp;<\/p>\n<h6><span style=\"color: #808080\"><img loading=\"lazy\" class=\"wp-image-1184 alignleft\" src=\"https:\/\/neurotecheu.umh.es\/files\/2025\/05\/EN_Co-fundedbytheEU_RGB_POS-1024x228.png\" alt=\"\" width=\"319\" height=\"71\" srcset=\"https:\/\/neurotecheu.umh.es\/files\/2025\/05\/EN_Co-fundedbytheEU_RGB_POS-1024x228.png 1024w, https:\/\/neurotecheu.umh.es\/files\/2025\/05\/EN_Co-fundedbytheEU_RGB_POS-300x67.png 300w, https:\/\/neurotecheu.umh.es\/files\/2025\/05\/EN_Co-fundedbytheEU_RGB_POS-768x171.png 768w, https:\/\/neurotecheu.umh.es\/files\/2025\/05\/EN_Co-fundedbytheEU_RGB_POS-1536x343.png 1536w, https:\/\/neurotecheu.umh.es\/files\/2025\/05\/EN_Co-fundedbytheEU_RGB_POS-2048x457.png 2048w\" sizes=\"(max-width: 319px) 100vw, 319px\" \/>Finan\u00e7at per la Uni\u00f3 Europea. No obstant aix\u00f2, les opinions i punts de vista expressats \u200b\u200bs\u00f3n exclusivament els dels autors i no reflectixen necess\u00e0riament els de la Uni\u00f3 Europea ni els de la Comissi\u00f3 Europea. Ni la Uni\u00f3 Europea ni l&#8217;autoritat que concedix la subvenci\u00f3 es responsabilitzen d&#8217;elles.<\/span><\/h6>\n<p><\/p>","protected":false},"excerpt":{"rendered":"<p>Benvinguts a NeurotechEU a&nbsp;la UMH!<br \/>\nLa Universitat Europea del Cervell i la Tecnologia \u2013 NeurotechEU \u2013 \u00e9s una alian\u00e7a de nou universitats europeesque t\u00e9 com a objectiu crear un campus transnacional d&#8217;excel\u00b7l\u00e8ncia. L&#8217;objectiu de NeurotechEU \u00e9s formar la pr\u00f2xima generaci\u00f3 de cient\u00edfics i cient\u00edfiques en l&#8217;\u00e0rea de la neurotecnologia.<br \/>\nNeurotechEU busca ser un espai flexible d&#8217;educaci\u00f3 superior [&#8230;]<\/p>\n","protected":false},"author":24743,"featured_media":0,"parent":0,"menu_order":1,"comment_status":"closed","ping_status":"closed","template":"","meta":{"ngg_post_thumbnail":0,"_links_to":"","_links_to_target":""},"_links":{"self":[{"href":"https:\/\/neurotecheu.umh.es\/ca\/wp-json\/wp\/v2\/pages\/355"}],"collection":[{"href":"https:\/\/neurotecheu.umh.es\/ca\/wp-json\/wp\/v2\/pages"}],"about":[{"href":"https:\/\/neurotecheu.umh.es\/ca\/wp-json\/wp\/v2\/types\/page"}],"author":[{"embeddable":true,"href":"https:\/\/neurotecheu.umh.es\/ca\/wp-json\/wp\/v2\/users\/24743"}],"replies":[{"embeddable":true,"href":"https:\/\/neurotecheu.umh.es\/ca\/wp-json\/wp\/v2\/comments?post=355"}],"version-history":[{"count":0,"href":"https:\/\/neurotecheu.umh.es\/ca\/wp-json\/wp\/v2\/pages\/355\/revisions"}],"wp:attachment":[{"href":"https:\/\/neurotecheu.umh.es\/ca\/wp-json\/wp\/v2\/media?parent=355"}],"curies":[{"name":"wp","href":"https:\/\/api.w.org\/{rel}","templated":true}]}}

Presentació

<p></p>
<p style="text-align: justify"><span style="font-weight: 400">Benvinguts a <span style="font-weight: 400;color: #0000ff">NeurotechEU<span style="color: #000000"> a</span></span></span><span style="font-weight: 400"><span style="color: #000000">&nbsp;</span>la UMH!</span></p>
<p>La Universitat Europea del Cervell i la Tecnologia – <a href="https://theneurotech.eu" target="_blank" rel="noopener"><span style="font-weight: 400">NeurotechEU</span></a> – és una aliança de nou <b><a href="https://theneurotech.eu/universities/" target="_blank" rel="noopener">universitats europees</a></b>que té com a objectiu crear un campus transnacional d&#8217;excel·lència. L&#8217;objectiu de NeurotechEU és formar la pròxima generació de científics i científiques en l&#8217;àrea de la neurotecnologia.</p>
<p>NeurotechEU busca ser un espai flexible d&#8217;educació superior compartit entre universitats en el qual es vincule l&#8217;educació a la investigació, la innovació i la societat. Amb aquest objectiu, l&#8217;Aliança proporciona als seus estudiants accés directe a <b>tecnologies i infraestructures d&#8217;avantguarda</b> per a la investigació fonamental i translacional sobre el cervell en la salut i la malaltia, contribuint així a augmentar la competitivitat de l&#8217;educació, la investigació, l&#8217;economia i la societat europees.</p>
<p>&nbsp;</p>
<h1>Universitats aliades</h1>
<p>NeurotechEU està formada per nou universitats europees, cadascuna aportant la seua experiència i fortaleses distintives per enriquir l&#8217;aliança:</p>
<ul>
<li>Radboud University, the Netherlands</li>
<li>Universidad Miguel Hernández de Elche, Spain</li>
<li>Karolinska Institutet, Sweden</li>
<li>Rheinische Friedrich-Wilhelms-Universität Bonn, Germany</li>
<li>Boğaziçi Üniversitesi, Turkey</li>
<li>Universitatea de Medicină și Farmacie din Cluj-Napoca, Romania</li>
<li>Université de Lille, France</li>
<li>Háskólinn í Reykjavík, Iceland</li>
<li>The Medical University of Innsbruck, Austria</li>
</ul>
<h1>Les Universitats Europees, un pilar clau a l&#8217;Àrea d&#8217;Educació Europea</h1>
<p>In 2017, European Union leaders outlined a vision for education and culture. In late 2017, the European Council called on EU Member States, the Council, and the Commission to take forward a number of initiatives, including ‘European Universities Area’.</p>
<p>The European Universities Initiative facilitates the exchange of education, research, and employment. This means that students can take lessons at all the institutions involved, not constrained by institutional capabilities and borders. They can thus gain international experience and benefit from the specific expertise of the various universities. For scientists, it will lead to the improvement of the education they provide and to smoother cooperation in research.</p>
<p>In this way, the initiative trains new researchers and engineers at the highest possible level, with a background and network in several institutes. This improves Europe’s position in brain research and engineering and provides well-educated people to tackle future societal problems.</p>
<p>The European University of Brain and Technology -NeurotechEU, is one of the 64 European Universities Alliances cofunded by the European Union.&nbsp;</p>
<p>&nbsp;</p>
<p>Este projecte compta amb la finançament del Ministeri de Ciència, Innovació i Universitats i la Unió Europea:</p>
<p><img loading="lazy" class=" wp-image-1057 alignleft" src="https://neurotecheu.umh.es/files/2025/03/Logotipo_del_Ministerio_de_Ciencia_Innovacion_y_Universidades--1024x258.png" alt="" width="317" height="80" srcset="https://neurotecheu.umh.es/files/2025/03/Logotipo_del_Ministerio_de_Ciencia_Innovacion_y_Universidades--1024x258.png 1024w, https://neurotecheu.umh.es/files/2025/03/Logotipo_del_Ministerio_de_Ciencia_Innovacion_y_Universidades--300x76.png 300w, https://neurotecheu.umh.es/files/2025/03/Logotipo_del_Ministerio_de_Ciencia_Innovacion_y_Universidades--768x194.png 768w, https://neurotecheu.umh.es/files/2025/03/Logotipo_del_Ministerio_de_Ciencia_Innovacion_y_Universidades--1536x387.png 1536w, https://neurotecheu.umh.es/files/2025/03/Logotipo_del_Ministerio_de_Ciencia_Innovacion_y_Universidades-.png 1885w" sizes="(max-width: 317px) 100vw, 317px" /></p>
<h6><span style="color: #808080">El projecte La Universitat Europea del Cervell i la Tecnologia, NeurotechEU, compta amb finançament concedit pel Ministeri. El contingut d&#8217;este lloc web és responsabilitat exclusiva de la universitat beneficiària, la Universitat Miguel Hernández d&#8217;Elx. El Ministeri de Ciència, Innovació i Universitats no és responsable de l&#8217;ús que puga fer-se de la informació ací difosa.</span></h6>
<p>&nbsp;</p>
<p>&nbsp;</p>
<h6><span style="color: #808080"><img loading="lazy" class="wp-image-1184 alignleft" src="https://neurotecheu.umh.es/files/2025/05/EN_Co-fundedbytheEU_RGB_POS-1024x228.png" alt="" width="319" height="71" srcset="https://neurotecheu.umh.es/files/2025/05/EN_Co-fundedbytheEU_RGB_POS-1024x228.png 1024w, https://neurotecheu.umh.es/files/2025/05/EN_Co-fundedbytheEU_RGB_POS-300x67.png 300w, https://neurotecheu.umh.es/files/2025/05/EN_Co-fundedbytheEU_RGB_POS-768x171.png 768w, https://neurotecheu.umh.es/files/2025/05/EN_Co-fundedbytheEU_RGB_POS-1536x343.png 1536w, https://neurotecheu.umh.es/files/2025/05/EN_Co-fundedbytheEU_RGB_POS-2048x457.png 2048w" sizes="(max-width: 319px) 100vw, 319px" />Finançat per la Unió Europea. No obstant això, les opinions i punts de vista expressats ​​són exclusivament els dels autors i no reflectixen necessàriament els de la Unió Europea ni els de la Comissió Europea. Ni la Unió Europea ni l&#8217;autoritat que concedix la subvenció es responsabilitzen d&#8217;elles.</span></h6>
<p></p>

<p>Benvinguts a NeurotechEU a&nbsp;la UMH!<br />
La Universitat Europea del Cervell i la Tecnologia – NeurotechEU – és una aliança de nou universitats europeesque té com a objectiu crear un campus transnacional d&#8217;excel·lència. L&#8217;objectiu de NeurotechEU és formar la pròxima generació de científics i científiques en l&#8217;àrea de la neurotecnologia.<br />
NeurotechEU busca ser un espai flexible d&#8217;educació superior [&#8230;]</p>
